he greatest common factor of 21 and a?
7
Let n be (-23548)/(-49) + (-4)/7. Suppose -2*t + 6*t - 208 = 4*u, -u - 148 = -3*t. Calculate the highest common divisor of t and n.
48
Suppose -v - 5*y = 5, 16 - 6 = -2*v - 2*y. Suppose 195 = 55*u - 40*u. Let c = u + v. What is the highest common factor of c and 20?
4
Let g be (2 - 24) + 5 + (-4 - -1). Let h = g - -52. Suppose -2*l - 1 = v - 13, 3*v + 5*l - 34 = 0. Calculate the highest common divisor of h and v.
8
Let p be (2 - -128)*(-52)/(-65). Suppose 4*m = p - 12. Calculate the highest common divisor of m and 69.
23
Suppose -22*x + 43*x = 606 + 843. Calculate the greatest common factor of x and 3.
3
Suppose 4*j - l = 10, 17 - 11 = 3*l. Suppose 3*w = -5*y - 13 - 11, 5*w + 9 = 2*y. Let s be 22*j/(-6)*y. Calculate the greatest common factor of 22 and s.
11
Let h = 23 + -28. Let p = h - -7. Suppose -5*d + 3*o + 11 = 0, -4*d - o - 2*o = p. What is the highest common divisor of 5 and d?
1
Let a = -28151 + 34863. Calculate the greatest common factor of 32 and a.
8
Let b be 3/((-60)/(-95825)) - (-9)/12. Suppose 42*y = 7976 + b. What is the greatest common factor of 16 and y?
16
Suppose -4*h + 42*q - 41*q + 83 = 0, -3*h - 4*q + 86 = 0. Calculate the highest common factor of h and 891.
11
Suppose 0 = -99019*c + 99018*c + 86 + 170. Let s(w) = 11*w - 1. Let a be s(3). What is the greatest common factor of c and a?
32
Let l = -758 + 1355. Let n = l - 372. Calculate the greatest common factor of 9 and n.
9
Let k = -6041 - -6069. Calculate the highest common divisor of 11116 and k.
28
Let k = 510 + -454. Let j = 94 - 70. What is the highest common factor of j and k?
8
Let o = -9662 + 9679. What is the greatest common divisor of o and 5?
1
Let j(x) = 2*x + 11. Let t be j(-2). Suppose t*s - 5*s - 92 = 4*o, -4*o = -s + 48. What is the greatest common factor of s and 99?
11
Let s = 283 - 85. Suppose -279 = -4*f - 19*x + 14*x, 3*f - 204 = -2*x. Calculate the highest common divisor of f and s.
66
Let q = 17 + 7. Suppose t - q = -t. Suppose -6336 = -38*d - 35*d + 7*d. Calculate the highest common divisor of t and d.
12
Let q = -615374 + 615458. Let s be (196 - 1) + (2 - 1). Calculate the greatest common factor of q and s.
28
Let g be 1/7 + (-14008)/(-238). Suppose -g*o = -61*o + 4. Suppose -u = -4*u + 5*t + 13, -5*t = -2*u + 7. Calculate the highest common factor of u and o.
2
Suppose 0 = 5*i + 3*y - 30312, 5*y - 339 = 3*i - 18499. Calculate the highest common factor of i and 15.
15
Let l(u) = 195*u**2 + 2*u - 1. Suppose -6*g - 5 = -11. Let d be l(g). Calculate the greatest common divisor of d and 28.
28
Suppose -4*l - 63 = -5*p, -4*l - 41 = p - 4*p. Suppose 0 = 4*q + g - 7, 4*g = -7*q + 4*q - p. What is the greatest common factor of 21 and q?
3
Suppose -5887 = -5*a - 2*c, 4*a - 4703 = 142*c - 137*c. What is the greatest common factor of a and 535?
107
Let f be (-538)/(-10) + 9/45. Let v = 30 - 27. Suppose v*y - 2*s = 62, 6*y + 4*s = 3*y + 38. What is the highest common divisor of y and f?
18
Let u(y) = y**3 - 66*y**2 - 212*y + 376. Let x be u(69). What is the greatest common divisor of x and 2449?
31
Let g = 793 - 791. Suppose i - 34 = -2*d + 489, g*i - 1071 = d. Calculate the greatest common factor of i and 41.
41
Let d = 2267 - 1899. Calculate the highest common factor of d and 138.
46
Suppose 5*b - 2*j - 383 = 0, 35*j - 32*j - 288 = -4*b. What is the highest common divisor of b and 275?
25
Suppose -z + 19 = -58*f + 62*f, -43 = -z + 2*f. Calculate the highest common divisor of 105 and z.
35
Suppose -250 = -2*t + 212. Suppose 238*z - t*z - 98 = 0. What is the highest common factor of 42 and z?
14
Let b be 2 - (1 + -1)/1. Let v(z) = 3*z**2 - 69*z - 19. Let p be v(20). Let u = p - -217. What is the greatest common divisor of b and u?
2
Let s(j) be the first derivative of j**3/3 + 13*j**2/2 + 88*j - 57. Let i be s(-6). Calculate the highest common factor of i and 736.
46
Suppose -11*i - 41*i - 3*i = -107855. What is the greatest common factor of i and 148?
37
Suppose -5*v + 2*u = 0, 5*v - 35 = -2*u - 3*u. Suppose 5*p - a + 28 = 331, -a + 117 = v*p. Calculate the highest common factor of 540 and p.
60
Suppose -27 = -14*q + 15. Suppose 2*j - 2*r = 42, 39 - q = j - 4*r. What is the greatest common divisor of 144 and j?
16
Let y(f) = -f**2 + 216*f - 3476. Let t be y(18). Calculate the highest common divisor of t and 7260.
44
Let i be (452 + 4 + 6)*(-24)/(-18). Calculate the highest common divisor of 1064 and i.
56
Let u = 71 + -58. Suppose 0 = 5*t + j - 1620, -8*t - 955 = -11*t - 4*j. What is the highest common factor of u and t?
13
Let x(a) = 110*a**2 - a - 1. Let k be x(-1). Suppose -9*w = -2*w + 973. Let m be 161/(-69) - w/3. What is the greatest common divisor of m and k?
22
Let k be (-3 - (-3)/(2 + 1))*-2. Let j be (9/(-2))/(-9)*(0 + k). Suppose j = -2*l + 14. What is the highest common factor of 4 and l?
2
Let z(t) = -147*t + 7. Let g = 119 - 122. Let n be z(g). What is the greatest common factor of 14 and n?
14
Let q(t) = 25*t - 1606. Let o be q(65). Let u(l) = -949*l**3 + l**2 - 2*l - 2. Let m be u(-1). Calculate the greatest common divisor of m and o.
19
Let w(v) = -4*v + 139. Let t be w(17). Suppose 335 - t = 4*y. Calculate the highest common divisor of y and 297.
33
Let z be 2 - (2 + 0 + -3). Let s(w) = -w**3 + 12*w**2 + 13*w + 2. Let l be s(13). Let q be (z - (0 + 1)) + l. What is the highest common divisor of q and 36?
4
Suppose 85417 + 172055 = 54*h. What is the highest common factor of 32 and h?
32
Let s(l) = l**3 + 35*l**2 - 111*l + 132. Let o be s(-38). What is the greatest common factor of 846 and o?
18
Let p(w) = 8*w**2 - 2*w. Let g be p(-2). Let b = 532 + -529. Suppose 282 = 2*k + 3*k + b*a, -k - 3*a + 66 = 0. What is the greatest common divisor of k and g?
18
Let n be (-2 - 0 - (-25)/12) + (-33319)/(-2796). What is the highest common divisor of n and 28?
4
Let d = -1879 - -1963. What is the greatest common factor of 21 and d?
21
Let u(d) = d**2 + 2*d + 7. Let l be u(5). Let g = 65 + -99. Let k = g - -160. Calculate the highest common factor of l and k.
42
Suppose 103*g - 24*g = 44*g + 210. Suppose 2*q - 15 = -q. Suppose q*i + 6 = -5*h + 91, -2*i + 70 = 4*h. What is the greatest common divisor of h and g?
6
Let j be 0 + ((-32)/(-3))/(-1)*(-27702)/228. Calculate the greatest common divisor of 8 and j.
8
Suppose -3*g = z, -2*z + 7 - 2 = g. Let d be g - (-11 + 7) - -45. What is the greatest common factor of d and 80?
16
Let w = -107 + 191. Suppose -2*q = -15*q + 6*q + 84. What is the greatest common divisor of w and q?
12
Suppose -10 + 8 = k, -3*r + 3*k = -95550. What is the highest common divisor of r and 8?
8
Let g = 1735 - 1570. Suppose q + 3*q + 16 = 0, 140 = 2*r - 2*q. Calculate the highest common factor of g and r.
33
Let v(s) = s**3 - 5*s**2 + 3*s - 1. Suppose 4 = 3*i - 11. Let z be v(i). Let k = -32209 + 32244. Calculate the greatest common divisor of k and z.
7
Suppose -4*k = 3*x + 54 - 741, 4*x = -4*k + 912. Suppose -188 = -7*d + x. Calculate the highest common factor of d and 590.
59
Let w(s) = -25*s + 1683. Let m be w(67). Calculate the greatest common divisor of m and 340.
4
Suppose -53*x = -46*x - 1435. Suppose -2*i + 17 = -x. Suppose -2*s + i = -43. Calculate the greatest common factor of s and 33.
11
Suppose -22*g = -15*g - 1183. Let a = g - 144. What is the highest common factor of 25 and a?
25
Suppose 90*h + 23520 = 100*h. What is the highest common factor of 56 and h?
56
Let l = 22 + 109. Suppose -127*f + l*f = 20. Calculate the highest common divisor of f and 95.
5
Let l = -1993 - -2059. What is the highest common divisor of 21 and l?
3
Let q(w) = 2*w**2 + 21*w - 291. Let a be q(8). Calculate the greatest common factor of a and 1285.
5
Let u(j) = -283*j - 1978. Let k be u(-7). What is the highest common divisor of k and 4749?
3
Let g(h) = -11*h**2 + 31*h + 10. Let l(j) = 5*j**2 - 15*j - 6. Let y(d) = -6*g(d) - 13*l(d). Let s be y(-7). Calculate the highest common divisor of 4 and s.
4
Let j(t) = -t**3 + 28*t**2 + 523*t - 50. Let l be j(-13). Suppose -315 = -4*q - 3*x - 2*x, 5*q - 3*x - 403 = 0. Calculate the highest common factor of q and l.
80
Let a be (8 - (-27916)/77) + 30/(-55). What is the greatest common divisor of 518 and a?
74
Let y(r) = -24*r + 194. Let k be y(6). Calculate 